{"id":829,"date":"2018-04-06T21:55:41","date_gmt":"2018-04-06T19:55:41","guid":{"rendered":"http:\/\/ghazoot.se\/ghazootdesign\/?page_id=829"},"modified":"2018-11-08T10:08:31","modified_gmt":"2018-11-08T09:08:31","slug":"norrsken","status":"publish","type":"page","link":"https:\/\/ghazoot.se\/ghazootdesign\/?page_id=829","title":{"rendered":"Norrsken"},"content":{"rendered":"<p><a href=\"http:\/\/ghazoot.se\/ghazootdesign\/wp-content\/uploads\/2018\/11\/bysjon_2_2018.jpg\" rel=\"lightbox[829]\"><img loading=\"lazy\" decoding=\"async\" class=\"alignnone size-large wp-image-857\" src=\"http:\/\/ghazoot.se\/ghazootdesign\/wp-content\/uploads\/2018\/11\/bysjon_2_2018-1024x682.jpg\" alt=\"\" width=\"980\" height=\"653\" srcset=\"https:\/\/ghazoot.se\/ghazootdesign\/wp-content\/uploads\/2018\/11\/bysjon_2_2018-1024x682.jpg 1024w, https:\/\/ghazoot.se\/ghazootdesign\/wp-content\/uploads\/2018\/11\/bysjon_2_2018-300x200.jpg 300w, https:\/\/ghazoot.se\/ghazootdesign\/wp-content\/uploads\/2018\/11\/bysjon_2_2018-768x512.jpg 768w, https:\/\/ghazoot.se\/ghazootdesign\/wp-content\/uploads\/2018\/11\/bysjon_2_2018-210x140.jpg 210w, https:\/\/ghazoot.se\/ghazootdesign\/wp-content\/uploads\/2018\/11\/bysjon_2_2018-1536x1024.jpg 1536w, https:\/\/ghazoot.se\/ghazootdesign\/wp-content\/uploads\/2018\/11\/bysjon_2_2018-1960x1306.jpg 1960w\" sizes=\"auto, (max-width: 980px) 100vw, 980px\" \/><\/a><\/p>\n<p>Sandn\u00e4sudden, Bysj\u00f6n, N\u00e5s nov 2018<\/p>\n<p><a href=\"http:\/\/ghazoot.se\/ghazootdesign\/wp-content\/uploads\/2018\/11\/norr_bjorbo_2018.jpg\" rel=\"lightbox[829]\"><img loading=\"lazy\" decoding=\"async\" class=\"alignnone size-full wp-image-863\" src=\"http:\/\/ghazoot.se\/ghazootdesign\/wp-content\/uploads\/2018\/11\/norr_bjorbo_2018.jpg\" alt=\"\" width=\"800\" height=\"533\" srcset=\"https:\/\/ghazoot.se\/ghazootdesign\/wp-content\/uploads\/2018\/11\/norr_bjorbo_2018.jpg 800w, https:\/\/ghazoot.se\/ghazootdesign\/wp-content\/uploads\/2018\/11\/norr_bjorbo_2018-300x200.jpg 300w, https:\/\/ghazoot.se\/ghazootdesign\/wp-content\/uploads\/2018\/11\/norr_bjorbo_2018-768x512.jpg 768w, https:\/\/ghazoot.se\/ghazootdesign\/wp-content\/uploads\/2018\/11\/norr_bjorbo_2018-210x140.jpg 210w\" sizes=\"auto, (max-width: 800px) 100vw, 800px\" \/><\/a><\/p>\n<p><a href=\"http:\/\/ghazoot.se\/ghazootdesign\/wp-content\/uploads\/2018\/11\/norrsken_2_2018.jpg\" rel=\"lightbox[829]\"><img loading=\"lazy\" decoding=\"async\" class=\"alignnone size-large wp-image-862\" src=\"http:\/\/ghazoot.se\/ghazootdesign\/wp-content\/uploads\/2018\/11\/norrsken_2_2018-1024x451.jpg\" alt=\"\" width=\"980\" height=\"432\" srcset=\"https:\/\/ghazoot.se\/ghazootdesign\/wp-content\/uploads\/2018\/11\/norrsken_2_2018-1024x451.jpg 1024w, https:\/\/ghazoot.se\/ghazootdesign\/wp-content\/uploads\/2018\/11\/norrsken_2_2018-300x132.jpg 300w, https:\/\/ghazoot.se\/ghazootdesign\/wp-content\/uploads\/2018\/11\/norrsken_2_2018-768x339.jpg 768w, https:\/\/ghazoot.se\/ghazootdesign\/wp-content\/uploads\/2018\/11\/norrsken_2_2018-210x93.jpg 210w, https:\/\/ghazoot.se\/ghazootdesign\/wp-content\/uploads\/2018\/11\/norrsken_2_2018.jpg 1200w\" sizes=\"auto, (max-width: 980px) 100vw, 980px\" \/><\/a><\/p>\n<p><a href=\"http:\/\/ghazoot.se\/ghazootdesign\/wp-content\/uploads\/2018\/11\/norrsken_3_2018.jpg\" rel=\"lightbox[829]\"><img loading=\"lazy\" decoding=\"async\" class=\"alignnone size-large wp-image-861\" src=\"http:\/\/ghazoot.se\/ghazootdesign\/wp-content\/uploads\/2018\/11\/norrsken_3_2018-1024x479.jpg\" alt=\"\" width=\"980\" height=\"458\" srcset=\"https:\/\/ghazoot.se\/ghazootdesign\/wp-content\/uploads\/2018\/11\/norrsken_3_2018-1024x479.jpg 1024w, https:\/\/ghazoot.se\/ghazootdesign\/wp-content\/uploads\/2018\/11\/norrsken_3_2018-300x140.jpg 300w, https:\/\/ghazoot.se\/ghazootdesign\/wp-content\/uploads\/2018\/11\/norrsken_3_2018-768x359.jpg 768w, https:\/\/ghazoot.se\/ghazootdesign\/wp-content\/uploads\/2018\/11\/norrsken_3_2018-210x98.jpg 210w, https:\/\/ghazoot.se\/ghazootdesign\/wp-content\/uploads\/2018\/11\/norrsken_3_2018.jpg 1200w\" sizes=\"auto, (max-width: 980px) 100vw, 980px\" \/><\/a><\/p>\n<p><a href=\"http:\/\/ghazoot.se\/ghazootdesign\/wp-content\/uploads\/2018\/11\/norr_2_okt_07.jpg\" rel=\"lightbox[829]\"><img loading=\"lazy\" decoding=\"async\" class=\"alignnone size-large wp-image-860\" src=\"http:\/\/ghazoot.se\/ghazootdesign\/wp-content\/uploads\/2018\/11\/norr_2_okt_07-1024x683.jpg\" alt=\"\" width=\"980\" height=\"654\" srcset=\"https:\/\/ghazoot.se\/ghazootdesign\/wp-content\/uploads\/2018\/11\/norr_2_okt_07-1024x683.jpg 1024w, https:\/\/ghazoot.se\/ghazootdesign\/wp-content\/uploads\/2018\/11\/norr_2_okt_07-300x200.jpg 300w, https:\/\/ghazoot.se\/ghazootdesign\/wp-content\/uploads\/2018\/11\/norr_2_okt_07-768x512.jpg 768w, https:\/\/ghazoot.se\/ghazootdesign\/wp-content\/uploads\/2018\/11\/norr_2_okt_07-210x140.jpg 210w, https:\/\/ghazoot.se\/ghazootdesign\/wp-content\/uploads\/2018\/11\/norr_2_okt_07-1536x1024.jpg 1536w, https:\/\/ghazoot.se\/ghazootdesign\/wp-content\/uploads\/2018\/11\/norr_2_okt_07-1960x1307.jpg 1960w\" sizes=\"auto, (max-width: 980px) 100vw, 980px\" \/><\/a><\/p>\n<p><a href=\"http:\/\/ghazoot.se\/ghazootdesign\/wp-content\/uploads\/2018\/11\/norrsken_nov_1_18.jpg\" rel=\"lightbox[829]\"><img loading=\"lazy\" decoding=\"async\" class=\"alignnone size-large wp-image-859\" src=\"http:\/\/ghazoot.se\/ghazootdesign\/wp-content\/uploads\/2018\/11\/norrsken_nov_1_18-1024x619.jpg\" alt=\"\" width=\"980\" height=\"592\" srcset=\"https:\/\/ghazoot.se\/ghazootdesign\/wp-content\/uploads\/2018\/11\/norrsken_nov_1_18-1024x619.jpg 1024w, https:\/\/ghazoot.se\/ghazootdesign\/wp-content\/uploads\/2018\/11\/norrsken_nov_1_18-300x181.jpg 300w, https:\/\/ghazoot.se\/ghazootdesign\/wp-content\/uploads\/2018\/11\/norrsken_nov_1_18-768x464.jpg 768w, https:\/\/ghazoot.se\/ghazootdesign\/wp-content\/uploads\/2018\/11\/norrsken_nov_1_18-210x127.jpg 210w, https:\/\/ghazoot.se\/ghazootdesign\/wp-content\/uploads\/2018\/11\/norrsken_nov_1_18-1536x929.jpg 1536w, https:\/\/ghazoot.se\/ghazootdesign\/wp-content\/uploads\/2018\/11\/norrsken_nov_1_18-1960x1185.jpg 1960w\" sizes=\"auto, (max-width: 980px) 100vw, 980px\" \/><\/a><\/p>\n<p>&nbsp;<\/p>\n<p><a href=\"http:\/\/ghazoot.se\/ghazootdesign\/wp-content\/uploads\/2018\/11\/inger_bysjon_nov_2018.jpg\" rel=\"lightbox[829]\"><img loading=\"lazy\" decoding=\"async\" class=\"alignnone size-large wp-image-855\" src=\"http:\/\/ghazoot.se\/ghazootdesign\/wp-content\/uploads\/2018\/11\/inger_bysjon_nov_2018-1024x683.jpg\" alt=\"\" width=\"980\" height=\"654\" srcset=\"https:\/\/ghazoot.se\/ghazootdesign\/wp-content\/uploads\/2018\/11\/inger_bysjon_nov_2018-1024x683.jpg 1024w, https:\/\/ghazoot.se\/ghazootdesign\/wp-content\/uploads\/2018\/11\/inger_bysjon_nov_2018-300x200.jpg 300w, https:\/\/ghazoot.se\/ghazootdesign\/wp-content\/uploads\/2018\/11\/inger_bysjon_nov_2018-768x512.jpg 768w, https:\/\/ghazoot.se\/ghazootdesign\/wp-content\/uploads\/2018\/11\/inger_bysjon_nov_2018-210x140.jpg 210w, https:\/\/ghazoot.se\/ghazootdesign\/wp-content\/uploads\/2018\/11\/inger_bysjon_nov_2018-1536x1024.jpg 1536w, https:\/\/ghazoot.se\/ghazootdesign\/wp-content\/uploads\/2018\/11\/inger_bysjon_nov_2018-1960x1307.jpg 1960w\" sizes=\"auto, (max-width: 980px) 100vw, 980px\" \/><\/a><\/p>\n<p>Sweden, N\u00e5s, Hjulb\u00e4ck 2018-03-22<\/p>\n<p>&nbsp;<\/p>\n<p><a href=\"http:\/\/ghazoot.se\/ghazootdesign\/wp-content\/uploads\/2018\/04\/norrsken_21_3_2.jpg\" rel=\"lightbox[829]\"><img loading=\"lazy\" decoding=\"async\" class=\"alignnone size-large wp-image-833\" src=\"http:\/\/ghazoot.se\/ghazootdesign\/wp-content\/uploads\/2018\/04\/norrsken_21_3_2-1024x637.jpg\" alt=\"\" width=\"980\" height=\"610\" srcset=\"https:\/\/ghazoot.se\/ghazootdesign\/wp-content\/uploads\/2018\/04\/norrsken_21_3_2-1024x637.jpg 1024w, https:\/\/ghazoot.se\/ghazootdesign\/wp-content\/uploads\/2018\/04\/norrsken_21_3_2-300x187.jpg 300w, https:\/\/ghazoot.se\/ghazootdesign\/wp-content\/uploads\/2018\/04\/norrsken_21_3_2-768x477.jpg 768w, https:\/\/ghazoot.se\/ghazootdesign\/wp-content\/uploads\/2018\/04\/norrsken_21_3_2-210x131.jpg 210w, https:\/\/ghazoot.se\/ghazootdesign\/wp-content\/uploads\/2018\/04\/norrsken_21_3_2.jpg 1200w\" sizes=\"auto, (max-width: 980px) 100vw, 980px\" \/><br \/>\n<\/a><\/p>\n<p><a href=\"http:\/\/ghazoot.se\/ghazootdesign\/wp-content\/uploads\/2018\/04\/norrsken_21_3_3.jpg\" rel=\"lightbox[829]\"><img loading=\"lazy\" decoding=\"async\" class=\"alignnone size-large wp-image-834\" src=\"http:\/\/ghazoot.se\/ghazootdesign\/wp-content\/uploads\/2018\/04\/norrsken_21_3_3-1024x586.jpg\" alt=\"\" width=\"980\" height=\"561\" srcset=\"https:\/\/ghazoot.se\/ghazootdesign\/wp-content\/uploads\/2018\/04\/norrsken_21_3_3-1024x586.jpg 1024w, https:\/\/ghazoot.se\/ghazootdesign\/wp-content\/uploads\/2018\/04\/norrsken_21_3_3-300x172.jpg 300w, https:\/\/ghazoot.se\/ghazootdesign\/wp-content\/uploads\/2018\/04\/norrsken_21_3_3-768x440.jpg 768w, https:\/\/ghazoot.se\/ghazootdesign\/wp-content\/uploads\/2018\/04\/norrsken_21_3_3-210x120.jpg 210w, https:\/\/ghazoot.se\/ghazootdesign\/wp-content\/uploads\/2018\/04\/norrsken_21_3_3.jpg 1200w\" sizes=\"auto, (max-width: 980px) 100vw, 980px\" \/><\/a><\/p>\n<p>&nbsp;<\/p>\n<p><a href=\"http:\/\/ghazoot.se\/ghazootdesign\/wp-content\/uploads\/2018\/04\/norrsken_21_3_4.jpg\" rel=\"lightbox[829]\"><img loading=\"lazy\" decoding=\"async\" class=\"alignnone size-large wp-image-835\" src=\"http:\/\/ghazoot.se\/ghazootdesign\/wp-content\/uploads\/2018\/04\/norrsken_21_3_4-1024x645.jpg\" alt=\"\" width=\"980\" height=\"617\" srcset=\"https:\/\/ghazoot.se\/ghazootdesign\/wp-content\/uploads\/2018\/04\/norrsken_21_3_4-1024x645.jpg 1024w, https:\/\/ghazoot.se\/ghazootdesign\/wp-content\/uploads\/2018\/04\/norrsken_21_3_4-300x189.jpg 300w, https:\/\/ghazoot.se\/ghazootdesign\/wp-content\/uploads\/2018\/04\/norrsken_21_3_4-768x484.jpg 768w, https:\/\/ghazoot.se\/ghazootdesign\/wp-content\/uploads\/2018\/04\/norrsken_21_3_4-210x132.jpg 210w, https:\/\/ghazoot.se\/ghazootdesign\/wp-content\/uploads\/2018\/04\/norrsken_21_3_4.jpg 1200w\" sizes=\"auto, (max-width: 980px) 100vw, 980px\" \/><\/a><\/p>\n<p>&nbsp;<\/p>\n<p>Sweden, N\u00e5s, Stor\u00e4nget 2018-03-22<\/p>\n<p><a href=\"http:\/\/ghazoot.se\/ghazootdesign\/wp-content\/uploads\/2018\/04\/norrsken_21_3_8.jpg\" rel=\"lightbox[829]\"><img loading=\"lazy\" decoding=\"async\" class=\"alignnone size-large wp-image-836\" src=\"http:\/\/ghazoot.se\/ghazootdesign\/wp-content\/uploads\/2018\/04\/norrsken_21_3_8-1024x625.jpg\" alt=\"\" width=\"980\" height=\"598\" srcset=\"https:\/\/ghazoot.se\/ghazootdesign\/wp-content\/uploads\/2018\/04\/norrsken_21_3_8-1024x625.jpg 1024w, https:\/\/ghazoot.se\/ghazootdesign\/wp-content\/uploads\/2018\/04\/norrsken_21_3_8-300x183.jpg 300w, https:\/\/ghazoot.se\/ghazootdesign\/wp-content\/uploads\/2018\/04\/norrsken_21_3_8-768x468.jpg 768w, https:\/\/ghazoot.se\/ghazootdesign\/wp-content\/uploads\/2018\/04\/norrsken_21_3_8-210x128.jpg 210w, https:\/\/ghazoot.se\/ghazootdesign\/wp-content\/uploads\/2018\/04\/norrsken_21_3_8.jpg 1200w\" sizes=\"auto, (max-width: 980px) 100vw, 980px\" \/><\/a><\/p>\n<p><a href=\"http:\/\/ghazoot.se\/ghazootdesign\/wp-content\/uploads\/2018\/04\/norrsken_21_3_9.jpg\" rel=\"lightbox[829]\"><img loading=\"lazy\" decoding=\"async\" class=\"alignnone size-large wp-image-837\" src=\"http:\/\/ghazoot.se\/ghazootdesign\/wp-content\/uploads\/2018\/04\/norrsken_21_3_9-1024x660.jpg\" alt=\"\" width=\"980\" height=\"632\" srcset=\"https:\/\/ghazoot.se\/ghazootdesign\/wp-content\/uploads\/2018\/04\/norrsken_21_3_9-1024x660.jpg 1024w, https:\/\/ghazoot.se\/ghazootdesign\/wp-content\/uploads\/2018\/04\/norrsken_21_3_9-300x193.jpg 300w, https:\/\/ghazoot.se\/ghazootdesign\/wp-content\/uploads\/2018\/04\/norrsken_21_3_9-768x495.jpg 768w, https:\/\/ghazoot.se\/ghazootdesign\/wp-content\/uploads\/2018\/04\/norrsken_21_3_9-210x135.jpg 210w, https:\/\/ghazoot.se\/ghazootdesign\/wp-content\/uploads\/2018\/04\/norrsken_21_3_9.jpg 1200w\" sizes=\"auto, (max-width: 980px) 100vw, 980px\" \/><br \/>\n<\/a><\/p>\n<p><a href=\"http:\/\/ghazoot.se\/ghazootdesign\/wp-content\/uploads\/2018\/04\/norrsken_21_3_10.jpg\" rel=\"lightbox[829]\"><img loading=\"lazy\" decoding=\"async\" class=\"alignnone size-large wp-image-838\" src=\"http:\/\/ghazoot.se\/ghazootdesign\/wp-content\/uploads\/2018\/04\/norrsken_21_3_10-1024x625.jpg\" alt=\"\" width=\"980\" height=\"598\" srcset=\"https:\/\/ghazoot.se\/ghazootdesign\/wp-content\/uploads\/2018\/04\/norrsken_21_3_10-1024x625.jpg 1024w, https:\/\/ghazoot.se\/ghazootdesign\/wp-content\/uploads\/2018\/04\/norrsken_21_3_10-300x183.jpg 300w, https:\/\/ghazoot.se\/ghazootdesign\/wp-content\/uploads\/2018\/04\/norrsken_21_3_10-768x468.jpg 768w, https:\/\/ghazoot.se\/ghazootdesign\/wp-content\/uploads\/2018\/04\/norrsken_21_3_10-210x128.jpg 210w, https:\/\/ghazoot.se\/ghazootdesign\/wp-content\/uploads\/2018\/04\/norrsken_21_3_10.jpg 1200w\" sizes=\"auto, (max-width: 980px) 100vw, 980px\" \/><\/a><\/p>\n<p>&nbsp;<\/p>\n<p>Sweden, N\u00e5s, Stor\u00e4nget 2018-03-18<\/p>\n<p><a href=\"http:\/\/ghazoot.se\/ghazootdesign\/wp-content\/uploads\/2018\/04\/NORR_1.jpg\" rel=\"lightbox[829]\"><img loading=\"lazy\" decoding=\"async\" class=\"alignnone size-large wp-image-839\" src=\"http:\/\/ghazoot.se\/ghazootdesign\/wp-content\/uploads\/2018\/04\/NORR_1-1024x694.jpg\" alt=\"\" width=\"980\" height=\"664\" srcset=\"https:\/\/ghazoot.se\/ghazootdesign\/wp-content\/uploads\/2018\/04\/NORR_1-1024x694.jpg 1024w, https:\/\/ghazoot.se\/ghazootdesign\/wp-content\/uploads\/2018\/04\/NORR_1-300x203.jpg 300w, https:\/\/ghazoot.se\/ghazootdesign\/wp-content\/uploads\/2018\/04\/NORR_1-768x520.jpg 768w, https:\/\/ghazoot.se\/ghazootdesign\/wp-content\/uploads\/2018\/04\/NORR_1-210x142.jpg 210w, https:\/\/ghazoot.se\/ghazootdesign\/wp-content\/uploads\/2018\/04\/NORR_1.jpg 1200w\" sizes=\"auto, (max-width: 980px) 100vw, 980px\" \/><\/a><\/p>\n<p><a href=\"http:\/\/ghazoot.se\/ghazootdesign\/wp-content\/uploads\/2018\/04\/norr_2.jpg\" rel=\"lightbox[829]\"><img loading=\"lazy\" decoding=\"async\" class=\"alignnone size-large wp-image-840\" src=\"http:\/\/ghazoot.se\/ghazootdesign\/wp-content\/uploads\/2018\/04\/norr_2-1024x924.jpg\" alt=\"\" width=\"980\" height=\"884\" srcset=\"https:\/\/ghazoot.se\/ghazootdesign\/wp-content\/uploads\/2018\/04\/norr_2-1024x924.jpg 1024w, https:\/\/ghazoot.se\/ghazootdesign\/wp-content\/uploads\/2018\/04\/norr_2-300x271.jpg 300w, https:\/\/ghazoot.se\/ghazootdesign\/wp-content\/uploads\/2018\/04\/norr_2-768x693.jpg 768w, https:\/\/ghazoot.se\/ghazootdesign\/wp-content\/uploads\/2018\/04\/norr_2-210x190.jpg 210w, https:\/\/ghazoot.se\/ghazootdesign\/wp-content\/uploads\/2018\/04\/norr_2.jpg 1200w\" sizes=\"auto, (max-width: 980px) 100vw, 980px\" \/><br \/>\n<\/a><\/p>\n<p><a href=\"http:\/\/ghazoot.se\/ghazootdesign\/wp-content\/uploads\/2018\/04\/norr_3-1.jpg\" rel=\"lightbox[829]\"><img loading=\"lazy\" decoding=\"async\" class=\"alignnone size-large wp-image-841\" src=\"http:\/\/ghazoot.se\/ghazootdesign\/wp-content\/uploads\/2018\/04\/norr_3-1-1024x426.jpg\" alt=\"\" width=\"980\" height=\"408\" srcset=\"https:\/\/ghazoot.se\/ghazootdesign\/wp-content\/uploads\/2018\/04\/norr_3-1-1024x426.jpg 1024w, https:\/\/ghazoot.se\/ghazootdesign\/wp-content\/uploads\/2018\/04\/norr_3-1-300x125.jpg 300w, https:\/\/ghazoot.se\/ghazootdesign\/wp-content\/uploads\/2018\/04\/norr_3-1-768x319.jpg 768w, https:\/\/ghazoot.se\/ghazootdesign\/wp-content\/uploads\/2018\/04\/norr_3-1-210x87.jpg 210w, https:\/\/ghazoot.se\/ghazootdesign\/wp-content\/uploads\/2018\/04\/norr_3-1.jpg 1200w\" sizes=\"auto, (max-width: 980px) 100vw, 980px\" \/><\/a><\/p>\n<p>Sweden, Leksandskogen&#8230; 2018-03-16<\/p>\n<p><a href=\"http:\/\/ghazoot.se\/ghazootdesign\/wp-content\/uploads\/2018\/04\/norr_3.jpg\" rel=\"lightbox[829]\"><img loading=\"lazy\" decoding=\"async\" class=\"alignnone size-large wp-image-830\" src=\"http:\/\/ghazoot.se\/ghazootdesign\/wp-content\/uploads\/2018\/04\/norr_3-1024x505.jpg\" alt=\"\" width=\"980\" height=\"483\" srcset=\"https:\/\/ghazoot.se\/ghazootdesign\/wp-content\/uploads\/2018\/04\/norr_3-1024x505.jpg 1024w, https:\/\/ghazoot.se\/ghazootdesign\/wp-content\/uploads\/2018\/04\/norr_3-300x148.jpg 300w, https:\/\/ghazoot.se\/ghazootdesign\/wp-content\/uploads\/2018\/04\/norr_3-768x379.jpg 768w, https:\/\/ghazoot.se\/ghazootdesign\/wp-content\/uploads\/2018\/04\/norr_3-210x104.jpg 210w, https:\/\/ghazoot.se\/ghazootdesign\/wp-content\/uploads\/2018\/04\/norr_3.jpg 1200w\" sizes=\"auto, (max-width: 980px) 100vw, 980px\" \/><\/a><\/p>\n<p><a href=\"http:\/\/ghazoot.se\/ghazootdesign\/wp-content\/uploads\/2018\/04\/norr_7.jpg\" rel=\"lightbox[829]\"><img loading=\"lazy\" decoding=\"async\" class=\"alignnone size-large wp-image-831\" src=\"http:\/\/ghazoot.se\/ghazootdesign\/wp-content\/uploads\/2018\/04\/norr_7-1024x660.jpg\" alt=\"\" width=\"980\" height=\"632\" srcset=\"https:\/\/ghazoot.se\/ghazootdesign\/wp-content\/uploads\/2018\/04\/norr_7-1024x660.jpg 1024w, https:\/\/ghazoot.se\/ghazootdesign\/wp-content\/uploads\/2018\/04\/norr_7-300x193.jpg 300w, https:\/\/ghazoot.se\/ghazootdesign\/wp-content\/uploads\/2018\/04\/norr_7-768x495.jpg 768w, https:\/\/ghazoot.se\/ghazootdesign\/wp-content\/uploads\/2018\/04\/norr_7-210x135.jpg 210w, https:\/\/ghazoot.se\/ghazootdesign\/wp-content\/uploads\/2018\/04\/norr_7.jpg 1200w\" sizes=\"auto, (max-width: 980px) 100vw, 980px\" \/><\/a><\/p>\n","protected":false},"excerpt":{"rendered":"<p>Sandn\u00e4sudden, Bysj\u00f6n, N\u00e5s nov 2018 &nbsp; Sweden, N\u00e5s, Hjulb\u00e4ck 2018-03-22 &nbsp; &nbsp; &nbsp; Sweden, N\u00e5s, Stor\u00e4nget 2018-03-22 &nbsp; Sweden, N\u00e5s, Stor\u00e4nget 2018-03-18 Sweden, Leksandskogen&#8230; 2018-03-16<\/p>\n","protected":false},"author":1,"featured_media":0,"parent":0,"menu_order":0,"comment_status":"closed","ping_status":"closed","template":"","meta":{"footnotes":""},"class_list":["post-829","page","type-page","status-publish","hentry"],"_links":{"self":[{"href":"https:\/\/ghazoot.se\/ghazootdesign\/index.php?rest_route=\/wp\/v2\/pages\/829","targetHints":{"allow":["GET"]}}],"collection":[{"href":"https:\/\/ghazoot.se\/ghazootdesign\/index.php?rest_route=\/wp\/v2\/pages"}],"about":[{"href":"https:\/\/ghazoot.se\/ghazootdesign\/index.php?rest_route=\/wp\/v2\/types\/page"}],"author":[{"embeddable":true,"href":"https:\/\/ghazoot.se\/ghazootdesign\/index.php?rest_route=\/wp\/v2\/users\/1"}],"replies":[{"embeddable":true,"href":"https:\/\/ghazoot.se\/ghazootdesign\/index.php?rest_route=%2Fwp%2Fv2%2Fcomments&post=829"}],"version-history":[{"count":6,"href":"https:\/\/ghazoot.se\/ghazootdesign\/index.php?rest_route=\/wp\/v2\/pages\/829\/revisions"}],"predecessor-version":[{"id":868,"href":"https:\/\/ghazoot.se\/ghazootdesign\/index.php?rest_route=\/wp\/v2\/pages\/829\/revisions\/868"}],"wp:attachment":[{"href":"https:\/\/ghazoot.se\/ghazootdesign\/index.php?rest_route=%2Fwp%2Fv2%2Fmedia&parent=829"}],"curies":[{"name":"wp","href":"https:\/\/api.w.org\/{rel}","templated":true}]}}