{"id":3741,"date":"2015-01-08T20:41:47","date_gmt":"2015-01-08T19:41:47","guid":{"rendered":"http:\/\/ghazoot.se\/?page_id=3741"},"modified":"2025-03-17T15:19:56","modified_gmt":"2025-03-17T14:19:56","slug":"ghazoot-cheriif","status":"publish","type":"page","link":"https:\/\/ghazoot.se\/?page_id=3741","title":{"rendered":"CH Ghazoot Chazzin"},"content":{"rendered":"<h4 style=\"text-align: center;\"><\/h4>\n<h4 style=\"text-align: center;\"><img loading=\"lazy\" decoding=\"async\" class=\"alignnone size-full wp-image-1512\" src=\"http:\/\/ghazoot.se\/wp-content\/uploads\/2014\/03\/hjart.gif\" alt=\"hjart\" width=\"20\" height=\"17\" \/> 2014-12-02 &#8211;\u00a0 <img loading=\"lazy\" decoding=\"async\" class=\"alignnone size-full wp-image-1511\" src=\"http:\/\/ghazoot.se\/wp-content\/uploads\/2014\/03\/kors.jpg\" alt=\"\" width=\"14\" height=\"20\" \/>2024?<br \/>\nOwner: Ellen Fechner, Germany<br \/>\n<img loading=\"lazy\" decoding=\"async\" class=\"alignnone size-medium_large wp-image-6253\" src=\"http:\/\/ghazoot.se\/wp-content\/uploads\/2025\/03\/chazzin_2018-768x613.jpg\" alt=\"\" width=\"768\" height=\"613\" srcset=\"https:\/\/ghazoot.se\/wp-content\/uploads\/2025\/03\/chazzin_2018-768x613.jpg 768w, https:\/\/ghazoot.se\/wp-content\/uploads\/2025\/03\/chazzin_2018-300x240.jpg 300w, https:\/\/ghazoot.se\/wp-content\/uploads\/2025\/03\/chazzin_2018-210x168.jpg 210w, https:\/\/ghazoot.se\/wp-content\/uploads\/2025\/03\/chazzin_2018.jpg 800w\" sizes=\"auto, (max-width: 768px) 100vw, 768px\" \/><\/h4>\n<h4 style=\"text-align: center;\">Title:<br \/>\nGerman Ch<br \/>\nLandesrennsieger Niedersachsen\/SA 2017<br \/>\nVDH-Bundessieger 2016<br \/>\nSloughi annual winner 2016<br \/>\nGerman Winner 2016<\/h4>\n<p style=\"text-align: center;\">Deutscher Jugendchampion DWZRV<br \/>\n-Deutscher Jugendchampion VDH<br \/>\n-Luxemburgischer Jugendchampion<br \/>\n-Deutscher Champion DWZRV<br \/>\n-Deutscher Champion VDH<br \/>\n-Polnischer Champion<br \/>\n-\u00d6sterreichischer Champion<br \/>\n-Deutscher Coursingchampion<br \/>\n-Champion Sch\u00f6nheit und Leistung (Dt)<br \/>\n-DWZRV Sieger Sch\u00f6nheit und Leistung 2017(Dt)<br \/>\nDWZRV Sieger Sch\u00f6nheit und Leistung 2019 (Dt)<br \/>\n-DWZRV Leistungsurkunde Coursing (Dt)<\/p>\n<p>&#8221;All titles in the bottom&#8221;<\/p>\n<p><a href=\"http:\/\/ghazoot.se\/wp-content\/uploads\/2014\/01\/chazzin_maj_16.jpg\"><img loading=\"lazy\" decoding=\"async\" class=\"aligncenter wp-image-4744 size-large\" src=\"http:\/\/ghazoot.se\/wp-content\/uploads\/2014\/01\/chazzin_maj_16-800x667.jpg\" width=\"660\" height=\"550\" srcset=\"https:\/\/ghazoot.se\/wp-content\/uploads\/2014\/01\/chazzin_maj_16-800x667.jpg 800w, https:\/\/ghazoot.se\/wp-content\/uploads\/2014\/01\/chazzin_maj_16-300x250.jpg 300w, https:\/\/ghazoot.se\/wp-content\/uploads\/2014\/01\/chazzin_maj_16-768x640.jpg 768w, https:\/\/ghazoot.se\/wp-content\/uploads\/2014\/01\/chazzin_maj_16.jpg 959w\" sizes=\"auto, (max-width: 660px) 100vw, 660px\" \/><\/a><\/p>\n<p><a href=\"http:\/\/ghazoot.se\/wp-content\/uploads\/2014\/01\/IMG_9669.jpg\"><img loading=\"lazy\" decoding=\"async\" class=\"aligncenter size-medium wp-image-4404\" src=\"http:\/\/ghazoot.se\/wp-content\/uploads\/2014\/01\/IMG_9669-300x374.jpg\" alt=\"IMG_9669\" width=\"300\" height=\"374\" srcset=\"https:\/\/ghazoot.se\/wp-content\/uploads\/2014\/01\/IMG_9669-300x374.jpg 300w, https:\/\/ghazoot.se\/wp-content\/uploads\/2014\/01\/IMG_9669-800x997.jpg 800w, https:\/\/ghazoot.se\/wp-content\/uploads\/2014\/01\/IMG_9669-700x873.jpg 700w\" sizes=\"auto, (max-width: 300px) 100vw, 300px\" \/><\/a><a href=\"http:\/\/ghazoot.se\/wp-content\/uploads\/2015\/01\/chazzin_10month.jpg\"><img loading=\"lazy\" decoding=\"async\" class=\"aligncenter size-medium wp-image-4410\" src=\"http:\/\/ghazoot.se\/wp-content\/uploads\/2015\/01\/chazzin_10month-300x229.jpg\" alt=\"chazzin_10month\" width=\"300\" height=\"229\" srcset=\"https:\/\/ghazoot.se\/wp-content\/uploads\/2015\/01\/chazzin_10month-300x229.jpg 300w, https:\/\/ghazoot.se\/wp-content\/uploads\/2015\/01\/chazzin_10month-800x612.jpg 800w, https:\/\/ghazoot.se\/wp-content\/uploads\/2015\/01\/chazzin_10month-700x535.jpg 700w, https:\/\/ghazoot.se\/wp-content\/uploads\/2015\/01\/chazzin_10month.jpg 1423w\" sizes=\"auto, (max-width: 300px) 100vw, 300px\" \/><\/a><\/p>\n<h4 style=\"text-align: center;\"><a href=\"http:\/\/ghazoot.se\/wp-content\/uploads\/2015\/05\/liggande_chazzin.jpg\"><img loading=\"lazy\" decoding=\"async\" class=\"alignnone size-medium wp-image-4152\" src=\"http:\/\/ghazoot.se\/wp-content\/uploads\/2015\/05\/liggande_chazzin-300x225.jpg\" alt=\"liggande_chazzin\" width=\"300\" height=\"225\" srcset=\"https:\/\/ghazoot.se\/wp-content\/uploads\/2015\/05\/liggande_chazzin-300x225.jpg 300w, https:\/\/ghazoot.se\/wp-content\/uploads\/2015\/05\/liggande_chazzin-800x600.jpg 800w, https:\/\/ghazoot.se\/wp-content\/uploads\/2015\/05\/liggande_chazzin-700x525.jpg 700w\" sizes=\"auto, (max-width: 300px) 100vw, 300px\" \/><br \/>\nH<\/a>e makes me proud!<\/h4>\n<h4 style=\"text-align: center;\"><a href=\"http:\/\/ghazoot.se\/wp-content\/uploads\/2015\/05\/chazzin_babyboy.jpg\"><img loading=\"lazy\" decoding=\"async\" class=\"alignnone size-medium wp-image-4153\" src=\"http:\/\/ghazoot.se\/wp-content\/uploads\/2015\/05\/chazzin_babyboy-300x225.jpg\" alt=\"chazzin_babyboy\" width=\"300\" height=\"225\" srcset=\"https:\/\/ghazoot.se\/wp-content\/uploads\/2015\/05\/chazzin_babyboy-300x225.jpg 300w, https:\/\/ghazoot.se\/wp-content\/uploads\/2015\/05\/chazzin_babyboy-800x600.jpg 800w, https:\/\/ghazoot.se\/wp-content\/uploads\/2015\/05\/chazzin_babyboy-700x525.jpg 700w, https:\/\/ghazoot.se\/wp-content\/uploads\/2015\/05\/chazzin_babyboy.jpg 960w\" sizes=\"auto, (max-width: 300px) 100vw, 300px\" \/><br \/>\n<\/a>Sweet Chazzin with little Georg<br \/>\n<a href=\"http:\/\/ghazoot.se\/wp-content\/uploads\/2015\/05\/family_chazzin.jpg\"><img loading=\"lazy\" decoding=\"async\" class=\"alignnone size-medium wp-image-4154\" src=\"http:\/\/ghazoot.se\/wp-content\/uploads\/2015\/05\/family_chazzin-300x259.jpg\" alt=\"family_chazzin\" width=\"300\" height=\"259\" srcset=\"https:\/\/ghazoot.se\/wp-content\/uploads\/2015\/05\/family_chazzin-300x259.jpg 300w, https:\/\/ghazoot.se\/wp-content\/uploads\/2015\/05\/family_chazzin-800x691.jpg 800w, https:\/\/ghazoot.se\/wp-content\/uploads\/2015\/05\/family_chazzin-700x605.jpg 700w\" sizes=\"auto, (max-width: 300px) 100vw, 300px\" \/><br \/>\n<\/a>Chazzin with his new family<\/h4>\n<h5 style=\"text-align: center;\"><a href=\"http:\/\/ghazoot.se\/wp-content\/uploads\/2015\/01\/chazzin_new_home.jpg\"><img loading=\"lazy\" decoding=\"async\" class=\"aligncenter wp-image-4057 size-medium\" src=\"http:\/\/ghazoot.se\/wp-content\/uploads\/2015\/01\/chazzin_new_home-300x208.jpg\" alt=\"chazzin_new_home\" width=\"300\" height=\"208\" srcset=\"https:\/\/ghazoot.se\/wp-content\/uploads\/2015\/01\/chazzin_new_home-300x208.jpg 300w, https:\/\/ghazoot.se\/wp-content\/uploads\/2015\/01\/chazzin_new_home-800x553.jpg 800w, https:\/\/ghazoot.se\/wp-content\/uploads\/2015\/01\/chazzin_new_home-700x484.jpg 700w, https:\/\/ghazoot.se\/wp-content\/uploads\/2015\/01\/chazzin_new_home.jpg 960w\" sizes=\"auto, (max-width: 300px) 100vw, 300px\" \/><\/a>In his new home in Germany<\/h5>\n<h5 style=\"text-align: center;\"><a href=\"http:\/\/ghazoot.se\/wp-content\/uploads\/2015\/01\/chazzin_8v.jpg\"><img loading=\"lazy\" decoding=\"async\" class=\"alignnone size-medium wp-image-4058\" src=\"http:\/\/ghazoot.se\/wp-content\/uploads\/2015\/01\/huvud_chazzin-300x400.jpg\" alt=\"huvud_chazzin\" width=\"300\" height=\"400\" srcset=\"https:\/\/ghazoot.se\/wp-content\/uploads\/2015\/01\/huvud_chazzin-300x400.jpg 300w, https:\/\/ghazoot.se\/wp-content\/uploads\/2015\/01\/huvud_chazzin.jpg 339w\" sizes=\"auto, (max-width: 300px) 100vw, 300px\" \/><\/a><\/h5>\n<p>&nbsp;<\/p>\n<h5 style=\"text-align: center;\"><a href=\"http:\/\/ghazoot.se\/wp-content\/uploads\/2015\/03\/chazzin_14w.jpg\"><img loading=\"lazy\" decoding=\"async\" class=\"aligncenter wp-image-3941 size-medium\" src=\"http:\/\/ghazoot.se\/wp-content\/uploads\/2015\/03\/chazzin_14w-300x229.jpg\" alt=\"Chazzin 14 w\" width=\"300\" height=\"229\" srcset=\"https:\/\/ghazoot.se\/wp-content\/uploads\/2015\/03\/chazzin_14w-300x229.jpg 300w, https:\/\/ghazoot.se\/wp-content\/uploads\/2015\/03\/chazzin_14w.jpg 800w, https:\/\/ghazoot.se\/wp-content\/uploads\/2015\/03\/chazzin_14w-700x534.jpg 700w\" sizes=\"auto, (max-width: 300px) 100vw, 300px\" \/><\/a>14 week<\/h5>\n<p><a href=\"http:\/\/ghazoot.se\/wp-content\/uploads\/2015\/01\/chazzin_8v.jpg\"><img loading=\"lazy\" decoding=\"async\" class=\"aligncenter wp-image-3815 size-medium\" src=\"http:\/\/ghazoot.se\/wp-content\/uploads\/2015\/01\/chazzin_8v-300x183.jpg\" alt=\"chazzin_8v\" width=\"300\" height=\"183\" srcset=\"https:\/\/ghazoot.se\/wp-content\/uploads\/2015\/01\/chazzin_8v-300x183.jpg 300w, https:\/\/ghazoot.se\/wp-content\/uploads\/2015\/01\/chazzin_8v.jpg 800w, https:\/\/ghazoot.se\/wp-content\/uploads\/2015\/01\/chazzin_8v-268x164.jpg 268w, https:\/\/ghazoot.se\/wp-content\/uploads\/2015\/01\/chazzin_8v-700x428.jpg 700w\" sizes=\"auto, (max-width: 300px) 100vw, 300px\" \/><\/a><\/p>\n<h5 style=\"text-align: center;\">8 weeks old<br \/>\n<a href=\"http:\/\/ghazoot.se\/wp-content\/uploads\/2015\/01\/chazzin_6w_3.jpg\"><img loading=\"lazy\" decoding=\"async\" class=\"aligncenter wp-image-3774 size-medium\" src=\"http:\/\/ghazoot.se\/wp-content\/uploads\/2015\/01\/chazzin_6w_3-300x223.jpg\" alt=\"chazzin_6w_3\" width=\"300\" height=\"223\" srcset=\"https:\/\/ghazoot.se\/wp-content\/uploads\/2015\/01\/chazzin_6w_3-300x223.jpg 300w, https:\/\/ghazoot.se\/wp-content\/uploads\/2015\/01\/chazzin_6w_3.jpg 800w, https:\/\/ghazoot.se\/wp-content\/uploads\/2015\/01\/chazzin_6w_3-700x520.jpg 700w\" sizes=\"auto, (max-width: 300px) 100vw, 300px\" \/><\/a>6 week old<\/h5>\n<h5 style=\"text-align: center;\"><a href=\"http:\/\/ghazoot.se\/wp-content\/uploads\/2014\/12\/cheriif_5v.jpg\"><img loading=\"lazy\" decoding=\"async\" class=\"aligncenter wp-image-3730 size-medium\" src=\"http:\/\/ghazoot.se\/wp-content\/uploads\/2014\/12\/cheriif_5v-300x183.jpg\" alt=\"\" width=\"300\" height=\"183\" srcset=\"https:\/\/ghazoot.se\/wp-content\/uploads\/2014\/12\/cheriif_5v-300x183.jpg 300w, https:\/\/ghazoot.se\/wp-content\/uploads\/2014\/12\/cheriif_5v.jpg 800w, https:\/\/ghazoot.se\/wp-content\/uploads\/2014\/12\/cheriif_5v-268x164.jpg 268w, https:\/\/ghazoot.se\/wp-content\/uploads\/2014\/12\/cheriif_5v-700x426.jpg 700w\" sizes=\"auto, (max-width: 300px) 100vw, 300px\" \/><\/a>5\u00a0weeks old<\/h5>\n<table style=\"width: 660px; height: 228px;\" border=\"1\">\n<tbody>\n<tr style=\"height: 228px;\">\n<td style=\"width: 198px; height: 228px;\">\n<h4>Sire: &#8221;Cemal&#8221;<br \/>\nAl Suwiid\u00b4s Cemal<\/h4>\n<p>&nbsp;<\/td>\n<td style=\"width: 462px; height: 228px;\">\n<h4>Dam: &#8221;Qilah&#8221;<\/h4>\n<h4>SE uch NO uch FIN uch NORD uch C.I.B.<br \/>\nNo V-11 No V-12 Nord<br \/>\nV-11 SE V-11 Helsingfors V-13 Finsk V-13<br \/>\nGhazoot Baqilah<\/h4>\n<p>All Chaziins titles!!<\/p>\n<h5><span data-bind=\"visible: short_name != ''\">DE CH (DWZRV)\u00a0&#8211;\u00a0<\/span><span data-bind=\"text: long_name\">DWZRV Deutscher Sch\u00f6nheits-Champion<\/span><\/h5>\n<h5><span data-bind=\"visible: short_name != ''\">DE CH (VDH)\u00a0&#8211;\u00a0<\/span><span data-bind=\"text: long_name\">VDH Deutscher Champion<\/span><span data-bind=\"text: long_name\">DWZRV-Jugend-Champion<\/span><span data-bind=\"visible: short_name != ''\">DE JCH (VDH)\u00a0&#8211;\u00a0<\/span><span data-bind=\"text: long_name\">VDH Deutscher Jugend-Champion<\/span><span data-bind=\"visible: short_name != ''\">LU JCH\u00a0&#8211;\u00a0<\/span><span data-bind=\"text: long_name\">Luxembourg Junior Champion<\/span><span data-bind=\"visible: short_name != ''\">BJS\u00a02015\u00a0&#8211;\u00a0<\/span><span data-bind=\"text: long_name\">VDH Bundesjugendsieger<\/span>\u00a0<span data-bind=\"text: winner_year, visible: has_winner_year\">2015<\/span><span data-bind=\"visible: short_name != ''\">VDH-EJS\u00a02016\u00a0&#8211;\u00a0<\/span><span data-bind=\"text: long_name\">VDH-Europajugendsieger<\/span>\u00a0<span data-bind=\"text: winner_year, visible: has_winner_year\">2016<\/span><span data-bind=\"visible: short_name != ''\">Jugend Winner Amsterdam\u00a02015\u00a0&#8211;\u00a0<\/span><span data-bind=\"text: long_name\">Jugend Winner Amsterdam<\/span>\u00a0<span data-bind=\"text: winner_year, visible: has_winner_year\">2015<\/span><span data-bind=\"visible: short_name != ''\">LJS Bd.-W\u00fcrtt.\u00a02015\u00a0&#8211;\u00a0<\/span><span data-bind=\"text: long_name\">Landesjugendsieger Baden-W\u00fcrttemberg<\/span>\u00a0<span data-bind=\"text: winner_year, visible: has_winner_year\">2015<\/span><span data-bind=\"visible: short_name != ''\">LJS Berlin\/Bbg.\u00a02016\u00a0&#8211;\u00a0<\/span><span data-bind=\"text: long_name\">Landesjugendsieger Berlin-Brandenburg<\/span>\u00a0<span data-bind=\"text: winner_year, visible: has_winner_year\">2016<\/span><\/h5>\n<h5><span data-bind=\"visible: short_name != ''\">LJS Nord\/Meck.-V.\u00a02016\u00a0&#8211;\u00a0<\/span><span data-bind=\"text: long_name\">Landesjugendsieger Nord\/Meck.-Vorpommern<\/span>\u00a0<span data-bind=\"text: winner_year, visible: has_winner_year\">2016<\/span><span data-bind=\"text: long_name\">DWZRV Sieger Jahresausstellung<\/span>\u00a0<span data-bind=\"text: winner_year, visible: has_winner_year\">2016<\/span><span data-bind=\"visible: short_name != ''\">GW\u00a02016\u00a0&#8211;\u00a0<\/span><span data-bind=\"text: long_name\">German Winner<\/span>\u00a0<span data-bind=\"text: winner_year, visible: has_winner_year\">2016<\/span><span data-bind=\"text: long_name\">VDH Bundessieger<\/span>\u00a0<span data-bind=\"text: winner_year, visible: has_winner_year\">2016<\/span><span data-bind=\"text: long_name\">VDH Jahressieger<\/span>\u00a0<span data-bind=\"text: winner_year, visible: has_winner_year\">2016<\/span><span data-bind=\"visible: short_name != ''\">LS Niedersachsen\/Sachsen-Anhalt\u00a02017\u00a0&#8211;\u00a0<\/span><span data-bind=\"text: long_name\">Landessieger Niedersachsen\/Sachsen-Anhalt<\/span>\u00a0<span data-bind=\"text: winner_year, visible: has_winner_year\">2017<\/span><span data-bind=\"visible: short_name != ''\">LRS Niedersachsen\/Sachsen-Anhalt\u00a02017\u00a0&#8211;\u00a0<\/span><span data-bind=\"text: long_name\">Landesrennsieger Niedersachsen\/Sachsen-Anhalt<\/span>\u00a0<span data-bind=\"text: winner_year, visible: has_winner_year\">2017<\/span><span data-bind=\"text: long_name\">Dual Winner Donaueschingen<\/span>\u00a0<span data-bind=\"text: winner_year, visible: has_winner_year\">2017<\/span><span data-bind=\"visible: short_name != ''\">\u00d6CH\u00a0&#8211;\u00a0<\/span><span data-bind=\"text: long_name\">(\u00d6CH) \u00d6sterr.Champion<\/span><\/h5>\n<h5 class=\"textRow topAlign\"><span data-bind=\"visible: short_name != ''\">AT BS\u00a02018\u00a0&#8211;\u00a0<\/span><span data-bind=\"text: long_name\">\u00d6sterreichischer Bundessieger<\/span>\u00a0<span data-bind=\"text: winner_year, visible: has_winner_year\">2018<\/span><span data-bind=\"visible: short_name != ''\">S&amp;L\u00a0&#8211;\u00a0<\/span><span data-bind=\"text: long_name\">DWZRV Champion f\u00fcr Sch\u00f6nheit und Leistung<\/span><span data-bind=\"visible: short_name != ''\">DWZRV Verbandscoursingsieger\u00a02019\u00a0&#8211;\u00a0<\/span><span data-bind=\"text: long_name\">DWZRV Verbandscoursingsieger<\/span>\u00a0<span data-bind=\"text: winner_year, visible: has_winner_year\">2019<\/span><span data-bind=\"visible: short_name != ''\">C.I.B.\u00a0&#8211;\u00a0<\/span><span data-bind=\"text: long_name\">INTERNATIONAL BEAUTY CHAMPION<\/span><span data-bind=\"text: long_name\">DWZRV Verbandssieger<\/span>\u00a0<span data-bind=\"text: winner_year, visible: has_winner_year\">2019<\/span><span data-bind=\"text: long_name\">DWZRV Verbandssieger f\u00fcr Sch\u00f6nheit und Leistung<\/span>\u00a0<span data-bind=\"text: winner_year, visible: has_winner_year\">2019<\/span><\/h5>\n<h5 class=\"textDescription\"><span data-bind=\"visible: short_name != ''\">LS Niedersachsen\/Sachsen-Anhalt\u00a02019\u00a0&#8211;\u00a0<\/span><span data-bind=\"text: long_name\">Landessieger Niedersachsen\/Sachsen-Anhalt<\/span>\u00a0<span data-bind=\"text: winner_year, visible: has_winner_year\">2019<\/span><span data-bind=\"visible: short_name != ''\">LS Nord\/Mecklenburg-Vorpommern\u00a02020\u00a0&#8211;\u00a0<\/span><span data-bind=\"text: long_name\">Landessieger Nord\/Mecklenburg-Vorpommern<\/span>\u00a0<span data-bind=\"text: winner_year, visible: has_winner_year\">2020<\/span><span data-bind=\"visible: short_name != ''\">PL CH\u00a0&#8211;\u00a0<\/span><span data-bind=\"text: long_name\">Polish Conformation Champion<\/span><span data-bind=\"visible: short_name != ''\">CLU\u00a0&#8211;\u00a0<\/span><span data-bind=\"text: long_name\">DWZRV-Leistungsurkunde Coursing<\/span><span data-bind=\"visible: short_name != ''\">DWZRV Sg S+L\u00a02017\u00a0&#8211;\u00a0<\/span><span data-bind=\"text: long_name\">DWZRV Winner for Beauty + Performance<\/span>\u00a0<span data-bind=\"text: winner_year, visible: has_winner_year\">2017<\/span><span data-bind=\"visible: short_name != ''\">DWZRV Sg S+L\u00a02019\u00a0&#8211;\u00a0<\/span><span data-bind=\"text: long_name\">DWZRV Winner for Beauty + Performance<\/span>\u00a0<span data-bind=\"text: winner_year, visible: has_winner_year\">2019<\/span><\/h5>\n<h5 class=\"textLabel\">Other titles:<\/h5>\n<h5 class=\"textDescription multilineText\"><span data-bind=\"text: other_titles\">Herbstjugendsieger Dortmund 2015, Fr\u00fchjahrssieger Dortmund 2016, VDH-Landessieger Th\u00fcringen 2016, Sieger Leipzig 2016, Pr\u00e4dikatsk\u00f6rung S+L<\/span><\/h5>\n<h5 class=\"textLabel\">Distinguishing features:<\/h5>\n<h5 class=\"textRow topAlign\">Notes:<\/h5>\n<h5 class=\"textDescription multilineText\" style=\"text-align: center;\"><span data-bind=\"text: notes\">Male without OCD!<br \/>\nErfolgreich auch im Rennen und Coursing Ergebnis f\u00fcr d2: Genotyp N\/N (zuvor D\/D) kein d2-Allel<\/span><\/h5>\n<h5><\/h5>\n<\/td>\n<\/tr>\n<\/tbody>\n<\/table>\n<h4 style=\"text-align: center;\"><\/h4>\n<h4 style=\"text-align: center;\"><\/h4>\n<h4 style=\"text-align: center;\"><a href=\"http:\/\/ghazoot.se\/wp-content\/uploads\/2014\/03\/bashira_on1.jpg\">\u00a0<\/a><\/h4>\n<p>&nbsp;<\/p>\n","protected":false},"excerpt":{"rendered":"<p>2014-12-02 &#8211;\u00a0 2024? Owner: Ellen Fechner, Germany Title: German Ch Landesrennsieger Niedersachsen\/SA 2017 VDH-Bundessieger 2016 Sloughi annual winner 2016 German Winner 2016 Deutscher Jugendchampion DWZRV -Deutscher Jugendchampion VDH -Luxemburgischer Jugendchampion -Deutscher Champion DWZRV -Deutscher Champion VDH -Polnischer Champion -\u00d6sterreichischer Champion -Deutscher Coursingchampion -Champion Sch\u00f6nheit und Leistung (Dt) -DWZRV Sieger Sch\u00f6nheit und Leistung 2017(Dt) DWZRV Sieger [&hellip;]<\/p>\n","protected":false},"author":1,"featured_media":0,"parent":0,"menu_order":0,"comment_status":"closed","ping_status":"open","template":"","meta":{"footnotes":""},"class_list":["post-3741","page","type-page","status-publish","hentry"],"_links":{"self":[{"href":"https:\/\/ghazoot.se\/index.php?rest_route=\/wp\/v2\/pages\/3741","targetHints":{"allow":["GET"]}}],"collection":[{"href":"https:\/\/ghazoot.se\/index.php?rest_route=\/wp\/v2\/pages"}],"about":[{"href":"https:\/\/ghazoot.se\/index.php?rest_route=\/wp\/v2\/types\/page"}],"author":[{"embeddable":true,"href":"https:\/\/ghazoot.se\/index.php?rest_route=\/wp\/v2\/users\/1"}],"replies":[{"embeddable":true,"href":"https:\/\/ghazoot.se\/index.php?rest_route=%2Fwp%2Fv2%2Fcomments&post=3741"}],"version-history":[{"count":29,"href":"https:\/\/ghazoot.se\/index.php?rest_route=\/wp\/v2\/pages\/3741\/revisions"}],"predecessor-version":[{"id":6254,"href":"https:\/\/ghazoot.se\/index.php?rest_route=\/wp\/v2\/pages\/3741\/revisions\/6254"}],"wp:attachment":[{"href":"https:\/\/ghazoot.se\/index.php?rest_route=%2Fwp%2Fv2%2Fmedia&parent=3741"}],"curies":[{"name":"wp","href":"https:\/\/api.w.org\/{rel}","templated":true}]}}