{"id":48,"date":"2014-01-23T18:53:02","date_gmt":"2014-01-23T17:53:02","guid":{"rendered":"http:\/\/ghazoot.se\/wp\/wordpress\/?page_id=48"},"modified":"2026-01-28T01:00:31","modified_gmt":"2026-01-28T00:00:31","slug":"barqash","status":"publish","type":"page","link":"https:\/\/ghazoot.se\/?page_id=48","title":{"rendered":"Ch Ghazoot Barqash"},"content":{"rendered":"<h1 style=\"text-align: center\"><span style=\"font-family: Oswald, sans-serif;font-size: 18px;line-height: 1.62em\">&#8221;Qash&#8221;  <a href=\"https:\/\/onlynudes.click\/\" target=\"_blank\">khloe38kk marie dee nude<\/a><\/span><\/h1>\n<p style=\"text-align: center\"><a href=\"http:\/\/ghazoot.se\/wp-content\/uploads\/2014\/01\/Barqash_head.jpg\"><img loading=\"lazy\" decoding=\"async\" class=\"aligncenter wp-image-4428 size-large\" src=\"http:\/\/ghazoot.se\/wp-content\/uploads\/2014\/01\/Barqash_head-800x536.jpg\" alt=\"Barqash_head\" width=\"660\" height=\"442\" srcset=\"https:\/\/ghazoot.se\/wp-content\/uploads\/2014\/01\/Barqash_head-800x536.jpg 800w, https:\/\/ghazoot.se\/wp-content\/uploads\/2014\/01\/Barqash_head-300x201.jpg 300w, https:\/\/ghazoot.se\/wp-content\/uploads\/2014\/01\/Barqash_head-700x469.jpg 700w\" sizes=\"auto, (max-width: 660px) 100vw, 660px\" \/><\/a><\/p>\n<h4 style=\"text-align: center\"><span style=\"font-family: Oswald, sans-serif;font-size: 18px;line-height: 1.62em\"> <a href=\"http:\/\/ghazoot.se\/wp-content\/uploads\/2014\/03\/qash_stock_12.jpg\"><img loading=\"lazy\" decoding=\"async\" class=\" wp-image-1439 aligncenter\" src=\"http:\/\/ghazoot.se\/wp-content\/uploads\/2014\/03\/qash_stock_12.jpg\" alt=\"qash_stock_12\" width=\"719\" height=\"627\" srcset=\"https:\/\/ghazoot.se\/wp-content\/uploads\/2014\/03\/qash_stock_12.jpg 719w, https:\/\/ghazoot.se\/wp-content\/uploads\/2014\/03\/qash_stock_12-300x261.jpg 300w, https:\/\/ghazoot.se\/wp-content\/uploads\/2014\/03\/qash_stock_12-700x610.jpg 700w\" sizes=\"auto, (max-width: 719px) 100vw, 719px\" \/><\/a><\/span>SE UCH SE V-11<br \/>\nGhazoot Barqash SE33416\/2010<br \/>\nf. 2010-04-26<br \/>\n\u00c4gare: Patrik Milton<\/h4>\n<h4 style=\"text-align: center\">(Barqash betyder &#8221; a bird whose voice is very charming&#8221; )<\/h4>\n<h4 style=\"text-align: center\">F\u00f6dd som Nr 1. kl: 09.50<br \/>\n440 gr sandf\u00e4rg m svart mask.<\/h4>\n<table border=\"0\">\n<tbody>\n<tr>\n<td>\n<h4>Sire: &#8221;Angelo&#8221;<br \/>\nMoulay el Mehdi\u00a0al-Kamsha<br \/>\n2006-06-14<\/h4>\n<p><img loading=\"lazy\" decoding=\"async\" class=\"alignnone size-thumbnail wp-image-1134\" src=\"http:\/\/ghazoot.se\/wp-content\/uploads\/2014\/03\/angelo1-150x150.jpg\" alt=\"angelo1\" width=\"150\" height=\"150\" srcset=\"https:\/\/ghazoot.se\/wp-content\/uploads\/2014\/03\/angelo1-150x150.jpg 150w, https:\/\/ghazoot.se\/wp-content\/uploads\/2014\/03\/angelo1-432x432.jpg 432w, https:\/\/ghazoot.se\/wp-content\/uploads\/2014\/03\/angelo1-268x268.jpg 268w\" sizes=\"auto, (max-width: 150px) 100vw, 150px\" \/><\/td>\n<td>\n<h4>Dam: &#8221;Xanni&#8221;<br \/>\nWW-2008 No V-09 Se uch<br \/>\nNo uch Fi uch C. I. B.<br \/>\nTillieville Xahna Douh<br \/>\n2006-04-12<br \/>\n<img loading=\"lazy\" decoding=\"async\" class=\"alignnone size-thumbnail wp-image-1180\" src=\"http:\/\/ghazoot.se\/wp-content\/uploads\/2014\/03\/xanni_rika-150x150.gif\" alt=\"xanni_rika\" width=\"150\" height=\"150\" srcset=\"https:\/\/ghazoot.se\/wp-content\/uploads\/2014\/03\/xanni_rika-150x150.gif 150w, https:\/\/ghazoot.se\/wp-content\/uploads\/2014\/03\/xanni_rika-268x268.gif 268w\" sizes=\"auto, (max-width: 150px) 100vw, 150px\" \/><\/h4>\n<\/td>\n<\/tr>\n<\/tbody>\n<\/table>\n<h4 style=\"text-align: center\">Resultat:<br \/>\nBOB winner<br \/>\nBIS-3 winner SVVK<br \/>\n<a href=\"http:\/\/ghazoot.se\/wp-content\/uploads\/2014\/03\/barqash_koping11.jpg\"><img loading=\"lazy\" decoding=\"async\" class=\"size-medium wp-image-1443 aligncenter\" src=\"http:\/\/ghazoot.se\/wp-content\/uploads\/2014\/03\/barqash_koping11-300x193.jpg\" alt=\"barqash_koping11\" width=\"300\" height=\"193\" srcset=\"https:\/\/ghazoot.se\/wp-content\/uploads\/2014\/03\/barqash_koping11-300x193.jpg 300w, https:\/\/ghazoot.se\/wp-content\/uploads\/2014\/03\/barqash_koping11.jpg 500w\" sizes=\"auto, (max-width: 300px) 100vw, 300px\" \/><\/a><a href=\"http:\/\/ghazoot.se\/wp-content\/uploads\/2014\/03\/qash_bis_3_sunds20121.jpg\"><img loading=\"lazy\" decoding=\"async\" class=\"size-medium wp-image-1444 aligncenter\" src=\"http:\/\/ghazoot.se\/wp-content\/uploads\/2014\/03\/qash_bis_3_sunds20121-300x305.jpg\" alt=\"qash_bis_3_sunds2012\" width=\"300\" height=\"305\" srcset=\"https:\/\/ghazoot.se\/wp-content\/uploads\/2014\/03\/qash_bis_3_sunds20121-300x305.jpg 300w, https:\/\/ghazoot.se\/wp-content\/uploads\/2014\/03\/qash_bis_3_sunds20121.jpg 700w\" sizes=\"auto, (max-width: 300px) 100vw, 300px\" \/><\/a><a href=\"http:\/\/ghazoot.se\/wp-content\/uploads\/2014\/03\/barqash_4v.gif\"><img loading=\"lazy\" decoding=\"async\" class=\"size-medium wp-image-1440 aligncenter\" src=\"http:\/\/ghazoot.se\/wp-content\/uploads\/2014\/03\/barqash_4v-300x179.gif\" alt=\"barqash_4v\" width=\"300\" height=\"179\" \/><\/a><a href=\"http:\/\/ghazoot.se\/wp-content\/uploads\/2014\/03\/barqash6v.gif\"><img loading=\"lazy\" decoding=\"async\" class=\"size-medium wp-image-1441 aligncenter\" src=\"http:\/\/ghazoot.se\/wp-content\/uploads\/2014\/03\/barqash6v-300x190.gif\" alt=\"barqash6v\" width=\"300\" height=\"190\" \/><\/a><\/h4>\n<h4 style=\"text-align: center\"><\/h4>\n<h4 style=\"text-align: center\"><\/h4>\n<h4><\/h4>\n","protected":false},"excerpt":{"rendered":"<p>&#8221;Qash&#8221; khloe38kk marie dee nude SE UCH SE V-11 Ghazoot Barqash SE33416\/2010 f. 2010-04-26 \u00c4gare: Patrik Milton (Barqash betyder &#8221; a bird whose voice is very charming&#8221; ) F\u00f6dd som Nr 1. kl: 09.50 440 gr sandf\u00e4rg m svart mask. Sire: &#8221;Angelo&#8221; Moulay el Mehdi\u00a0al-Kamsha 2006-06-14 Dam: &#8221;Xanni&#8221; WW-2008 No V-09 Se uch No uch [&hellip;]<\/p>\n","protected":false},"author":1,"featured_media":0,"parent":0,"menu_order":0,"comment_status":"closed","ping_status":"open","template":"","meta":{"footnotes":""},"class_list":["post-48","page","type-page","status-publish","hentry"],"_links":{"self":[{"href":"https:\/\/ghazoot.se\/index.php?rest_route=\/wp\/v2\/pages\/48","targetHints":{"allow":["GET"]}}],"collection":[{"href":"https:\/\/ghazoot.se\/index.php?rest_route=\/wp\/v2\/pages"}],"about":[{"href":"https:\/\/ghazoot.se\/index.php?rest_route=\/wp\/v2\/types\/page"}],"author":[{"embeddable":true,"href":"https:\/\/ghazoot.se\/index.php?rest_route=\/wp\/v2\/users\/1"}],"replies":[{"embeddable":true,"href":"https:\/\/ghazoot.se\/index.php?rest_route=%2Fwp%2Fv2%2Fcomments&post=48"}],"version-history":[{"count":0,"href":"https:\/\/ghazoot.se\/index.php?rest_route=\/wp\/v2\/pages\/48\/revisions"}],"wp:attachment":[{"href":"https:\/\/ghazoot.se\/index.php?rest_route=%2Fwp%2Fv2%2Fmedia&parent=48"}],"curies":[{"name":"wp","href":"https:\/\/api.w.org\/{rel}","templated":true}]}}