{"id":6390,"date":"2026-01-26T11:26:08","date_gmt":"2026-01-26T10:26:08","guid":{"rendered":"http:\/\/ghazoot.se\/?page_id=6390"},"modified":"2026-04-22T12:11:07","modified_gmt":"2026-04-22T10:11:07","slug":"ghazoot-farion","status":"publish","type":"page","link":"https:\/\/ghazoot.se\/?page_id=6390","title":{"rendered":"Ghazoot Farion"},"content":{"rendered":"<h3 style=\"text-align: center;\">SE11820\/2026 Ghazoot Farion<\/h3>\n<h3 style=\"text-align: center;\">\ud83d\udc99 Farion \ud83d\udc99<br \/>\nnr 5 blue<\/h3>\n<p style=\"text-align: center;\"><img loading=\"lazy\" decoding=\"async\" class=\"aligncenter size-large wp-image-6595\" src=\"http:\/\/ghazoot.se\/wp-content\/uploads\/2026\/04\/farion_pool-800x1484.jpg\" alt=\"\" width=\"640\" height=\"1187\" srcset=\"https:\/\/ghazoot.se\/wp-content\/uploads\/2026\/04\/farion_pool-800x1484.jpg 800w, https:\/\/ghazoot.se\/wp-content\/uploads\/2026\/04\/farion_pool-300x557.jpg 300w, https:\/\/ghazoot.se\/wp-content\/uploads\/2026\/04\/farion_pool-768x1425.jpg 768w, https:\/\/ghazoot.se\/wp-content\/uploads\/2026\/04\/farion_pool-828x1536.jpg 828w, https:\/\/ghazoot.se\/wp-content\/uploads\/2026\/04\/farion_pool.jpg 1104w\" sizes=\"auto, (max-width: 640px) 100vw, 640px\" \/>12 veckor<br \/>\nFarion har den svartaste masken av dem, men ett omv\u00e4nt saxbett.<br \/>\nOs\u00e4ker om det kommer \u00e4ndra sig n\u00e4r han byter t\u00e4nder.<br \/>\nD\u00e4rav starkt reducerat pris.<br \/>\nF\u00f6r \u00f6vrigt en otroligt snygg och glad kille.<\/p>\n<p><img loading=\"lazy\" decoding=\"async\" class=\"aligncenter wp-image-6493 size-large\" src=\"http:\/\/ghazoot.se\/wp-content\/uploads\/2026\/03\/IMG_0717-800x547.jpg\" alt=\"\" width=\"640\" height=\"438\" srcset=\"https:\/\/ghazoot.se\/wp-content\/uploads\/2026\/03\/IMG_0717-800x547.jpg 800w, https:\/\/ghazoot.se\/wp-content\/uploads\/2026\/03\/IMG_0717-300x205.jpg 300w, https:\/\/ghazoot.se\/wp-content\/uploads\/2026\/03\/IMG_0717-768x525.jpg 768w, https:\/\/ghazoot.se\/wp-content\/uploads\/2026\/03\/IMG_0717-1536x1051.jpg 1536w, https:\/\/ghazoot.se\/wp-content\/uploads\/2026\/03\/IMG_0717-2048x1401.jpg 2048w\" sizes=\"auto, (max-width: 640px) 100vw, 640px\" \/><br \/>\nPhoto AnnKristin Norberg<\/p>\n<p style=\"text-align: center;\"><img loading=\"lazy\" decoding=\"async\" class=\"aligncenter wp-image-6456 size-large\" src=\"http:\/\/ghazoot.se\/wp-content\/uploads\/2026\/02\/valp_5_sta_4v-800x512.jpg\" alt=\"\" width=\"640\" height=\"410\" srcset=\"https:\/\/ghazoot.se\/wp-content\/uploads\/2026\/02\/valp_5_sta_4v-800x512.jpg 800w, https:\/\/ghazoot.se\/wp-content\/uploads\/2026\/02\/valp_5_sta_4v-300x192.jpg 300w, https:\/\/ghazoot.se\/wp-content\/uploads\/2026\/02\/valp_5_sta_4v-768x492.jpg 768w, https:\/\/ghazoot.se\/wp-content\/uploads\/2026\/02\/valp_5_sta_4v-1536x984.jpg 1536w, https:\/\/ghazoot.se\/wp-content\/uploads\/2026\/02\/valp_5_sta_4v-2048x1311.jpg 2048w\" sizes=\"auto, (max-width: 640px) 100vw, 640px\" \/><strong>Photo Malin Heamkin<\/strong><br \/>\n<img loading=\"lazy\" decoding=\"async\" class=\"aligncenter wp-image-6455 size-large\" src=\"http:\/\/ghazoot.se\/wp-content\/uploads\/2026\/02\/valp_5_sit_4v-800x1068.jpg\" alt=\"\" width=\"640\" height=\"854\" srcset=\"https:\/\/ghazoot.se\/wp-content\/uploads\/2026\/02\/valp_5_sit_4v-800x1068.jpg 800w, https:\/\/ghazoot.se\/wp-content\/uploads\/2026\/02\/valp_5_sit_4v-300x400.jpg 300w, https:\/\/ghazoot.se\/wp-content\/uploads\/2026\/02\/valp_5_sit_4v-768x1025.jpg 768w, https:\/\/ghazoot.se\/wp-content\/uploads\/2026\/02\/valp_5_sit_4v-1151x1536.jpg 1151w, https:\/\/ghazoot.se\/wp-content\/uploads\/2026\/02\/valp_5_sit_4v.jpg 1212w\" sizes=\"auto, (max-width: 640px) 100vw, 640px\" \/><\/p>\n","protected":false},"excerpt":{"rendered":"<p>SE11820\/2026 Ghazoot Farion \ud83d\udc99 Farion \ud83d\udc99 nr 5 blue 12 veckor Farion har den svartaste masken av dem, men ett omv\u00e4nt saxbett. Os\u00e4ker om det kommer \u00e4ndra sig n\u00e4r han byter t\u00e4nder. D\u00e4rav starkt reducerat pris. F\u00f6r \u00f6vrigt en otroligt snygg och glad kille. Photo AnnKristin Norberg Photo Malin Heamkin<\/p>\n","protected":false},"author":1,"featured_media":0,"parent":0,"menu_order":0,"comment_status":"closed","ping_status":"closed","template":"","meta":{"footnotes":""},"class_list":["post-6390","page","type-page","status-publish","hentry"],"_links":{"self":[{"href":"https:\/\/ghazoot.se\/index.php?rest_route=\/wp\/v2\/pages\/6390","targetHints":{"allow":["GET"]}}],"collection":[{"href":"https:\/\/ghazoot.se\/index.php?rest_route=\/wp\/v2\/pages"}],"about":[{"href":"https:\/\/ghazoot.se\/index.php?rest_route=\/wp\/v2\/types\/page"}],"author":[{"embeddable":true,"href":"https:\/\/ghazoot.se\/index.php?rest_route=\/wp\/v2\/users\/1"}],"replies":[{"embeddable":true,"href":"https:\/\/ghazoot.se\/index.php?rest_route=%2Fwp%2Fv2%2Fcomments&post=6390"}],"version-history":[{"count":6,"href":"https:\/\/ghazoot.se\/index.php?rest_route=\/wp\/v2\/pages\/6390\/revisions"}],"predecessor-version":[{"id":6617,"href":"https:\/\/ghazoot.se\/index.php?rest_route=\/wp\/v2\/pages\/6390\/revisions\/6617"}],"wp:attachment":[{"href":"https:\/\/ghazoot.se\/index.php?rest_route=%2Fwp%2Fv2%2Fmedia&parent=6390"}],"curies":[{"name":"wp","href":"https:\/\/api.w.org\/{rel}","templated":true}]}}